nd 533340?
10
What is the highest common divisor of 1446 and 48682?
482
Calculate the greatest common factor of 1674 and 3162.
186
What is the greatest common divisor of 241 and 10366133?
241
What is the greatest common factor of 126 and 457506?
126
What is the highest common divisor of 34 and 683026?
34
What is the greatest common factor of 834 and 766724?
278
Calculate the highest common factor of 82015 and 15040.
235
What is the highest common factor of 80 and 14590?
10
What is the greatest common factor of 271 and 737662?
271
What is the highest common factor of 5909 and 95?
19
Calculate the highest common factor of 1456 and 2429.
7
Calculate the highest common factor of 4704 and 1200.
48
What is the greatest common divisor of 114 and 15086?
38
What is the highest common divisor of 7252 and 2828?
28
What is the highest common divisor of 44998 and 2682?
298
Calculate the highest common divisor of 39182 and 8866.
286
What is the greatest common divisor of 1470190 and 1580?
790
What is the greatest common factor of 370263 and 1992?
249
Calculate the highest common factor of 264 and 16797.
33
Calculate the greatest common divisor of 10114 and 2626.
26
What is the highest common factor of 3549 and 1274429?
169
Calculate the greatest common factor of 945420 and 112.
28
Calculate the greatest common divisor of 69 and 448776.
69
What is the highest common factor of 52987 and 88?
11
Calculate the highest common factor of 2788875 and 185.
185
What is the greatest common divisor of 1599 and 26949?
39
Calculate the highest common factor of 2164 and 30837.
541
What is the greatest common factor of 5115 and 34980?
165
What is the highest common factor of 54 and 235602?
54
Calculate the greatest common divisor of 299 and 10660.
13
What is the greatest common divisor of 23972 and 6916?
52
Calculate the highest common divisor of 18 and 153246.
6
What is the highest common factor of 9 and 311?
1
What is the highest common divisor of 539 and 12950014?
539
Calculate the highest common divisor of 268688 and 14.
14
What is the greatest common divisor of 22517 and 14927?
253
Calculate the greatest common factor of 15714 and 36.
18
What is the highest common factor of 4276 and 46?
2
Calculate the highest common divisor of 933906 and 93.
93
What is the highest common divisor of 3137175 and 365?
365
What is the highest common divisor of 7343 and 84?
7
Calculate the highest common divisor of 276 and 392288.
92
Calculate the greatest common factor of 259 and 122906.
7
What is the highest common divisor of 351233 and 23?
23
Calculate the highest common divisor of 34928 and 8201.
59
Calculate the greatest common factor of 45562 and 872.
218
Calculate the highest common divisor of 340883 and 69.
23
What is the greatest common divisor of 2344 and 2082644?
1172
What is the greatest common factor of 522435 and 290?
145
What is the highest common divisor of 21168 and 84?
84
What is the highest common factor of 126 and 218574?
18
Calculate the greatest common divisor of 3432 and 52503.
33
What is the highest common divisor of 87400 and 212382?
874
Calculate the greatest common divisor of 1430 and 29770.
130
Calculate the greatest common divisor of 17010 and 1053.
81
What is the greatest common factor of 22462 and 66?
22
Calculate the greatest common factor of 6699 and 363.
33
What is the greatest common divisor of 45904 and 2832?
16
What is the highest common divisor of 3088671 and 2694?
1347
Calculate the highest common divisor of 1279061 and 266.
133
Calculate the greatest common factor of 24140 and 680.
340
What is the highest common divisor of 17857 and 14?
7
Calculate the greatest common divisor of 6699 and 10556.
203
Calculate the greatest common factor of 1510320 and 24.
24
What is the greatest common factor of 5731759 and 1562?
781
What is the greatest common divisor of 8 and 1321252?
4
What is the highest common factor of 440838 and 171?
171
What is the highest common divisor of 420674 and 116?
58
Calculate the greatest common divisor of 12510 and 720.
90
Calculate the highest common divisor of 2520 and 5810.
70
What is the highest common factor of 8551 and 22049?
17
Calculate the greatest common divisor of 902 and 5576.
82
Calculate the highest common factor of 160548 and 816.
204
Calculate the highest common factor of 28982 and 2666.
86
What is the highest common factor of 8 and 17325?
1
Calculate the highest common divisor of 3612 and 259161.
903
What is the highest common divisor of 115 and 314065?
115
What is the greatest common divisor of 24732 and 324?
108
Calculate the highest common divisor of 699 and 61279.
233
Calculate the greatest common divisor of 70632 and 5668.
436
Calculate the greatest common divisor of 442552 and 517.
517
Calculate the greatest common factor of 256 and 77472.
32
What is the greatest common factor of 37944 and 8556?
372
What is the highest common divisor of 10471019 and 13?
13
What is the greatest common divisor of 4692 and 4876?
92
What is the highest common factor of 117 and 265941?
117
Calculate the greatest common factor of 7 and 4475590.
7
Calculate the highest common factor of 272 and 635.
1
Calculate the greatest common divisor of 294 and 2238026.
98
What is the greatest common factor of 3927 and 2431?
187
Calculate the highest common divisor of 21137 and 4002.
23
What is the highest common divisor of 64 and 12448?
32
What is the highest common factor of 77748 and 44?
44
What is the greatest common factor of 56 and 2168?
8
What is the highest common divisor of 62896 and 48?
16
Calculate the greatest common divisor of 2597 and 14522.
53
Calculate the greatest common factor of 51262 and 497.
71
Calculate the greatest common divisor of 754 and 13340.
58
Calculate the highest common divisor of 558 and 406596.
186
Calculate the highest common divisor of 61870 and 4140.
230
What is the greatest common factor of 32480 and 320?
160
Calculate the highest common factor of 112 and 936236.
28
What is the highest common divisor of 4 and 2025658?
2
Calculate the greatest common factor of 34661 and 253.
253
What is the greatest common factor of 73168 and 340?
68
What is the greatest common divisor of 297 and 27020169?
297
Calculate the greatest common divisor of 1014 and 227643.
507
What is the greatest common divisor of 868 and 9604?
28
Calculate the greatest common factor of 552 and 2404857.
69
What is the highest common divisor of 2534 and 2394?
14
What is the highest common divisor of 8503 and 11?
11
Calculate the highest common factor of 931 and 24059.
49
Calculate the greatest common divisor of 64379 and 357.
119
What is the highest common factor of 30628 and 2759?
31
What is the highest common divisor of 217 and 146599?
31
Calculate the highest common divisor of 17767 and 218.
109
Calculate the highest common factor of 2615 and 985.
5
Calculate the highest common factor of 1086 and 114.
6
What is the highest common factor of 441 and 683256?
147
What is the highest common divisor of 75 and 16325?
25
What is the greatest common divisor of 18 and 952164?
18
Calculate the highest common divisor of 1368 and 5400.
72
What is the highest common divisor of 3246 and 1024?
2
What is the greatest common divisor of 317 and 1567248?
317
Calculate the highest common factor of 186 and 3126.
6
What is the highest common factor of 916000 and 160?
160
What is the greatest common divisor of 710 and 69?
1
What is the greatest common divisor of 73872 and 19?
19
What is the highest common factor of 5372 and 1020?
68
Calculate the highest common divisor of 15375 and 150.
75
What is the highest common divisor of 12 and 27076?
4
What is the highest common factor of 12705 and 1540?
385
Calculate the greatest common divisor of 102648 and 13.
13
Calculate the greatest common factor of 104 and 2696018.
26
Calculate the highest common factor of 686 and 702807.
343
What is the greatest common factor of 321945 and 12168?
507
What is the greatest common factor of 72 and 23696?
8
Calculate the highest common divisor of 178308 and 364.
52
Calculate the greatest common divisor of 3 and 1998.
3
What is the greatest common divisor of 1210762 and 27580?
2758
Calculate the greatest common divisor of 7938 and 383292.
1134
Calculate the greatest common factor of 77 and